{"id":618,"date":"2016-12-19T04:15:38","date_gmt":"2016-12-19T04:15:38","guid":{"rendered":"http:\/\/findosbuecher.com\/?page_id=618"},"modified":"2025-04-13T05:21:52","modified_gmt":"2025-04-13T05:21:52","slug":"uebersicht-ueber-die-filmblickekurzblickeautoren-interviews","status":"publish","type":"page","link":"https:\/\/findosbuecher.com\/?page_id=618","title":{"rendered":"Autoren-Interviews, Kurz- und Filmblicke"},"content":{"rendered":"\n<p><strong>Autoren-Interviews und Berichte<\/strong><\/p>\n\n\n\n<p>Ein Blick auf die schreibende Zunft.<\/p>\n\n\n\n\n<div class=\"sp-wrap sp-wrap-default\">\n<div class=\"sp-head\" title=\"Erweitern\">\nAutoreninterviews anschauen\n<\/div>\n<div class=\"sp-body folded\">\n<\/p>\n<p><a href=\"https:\/\/findosbuecher.com\/?p=1990\">Akhanli, Dogan; Leipziger Buchmesse 2018<\/a><\/p>\n<p><a href=\"https:\/\/findosbuecher.com\/?p=1959\">Berge, Bj\u00f6rn: Leipziger Buchmesse 2018<\/a><\/p>\n<p><a href=\"https:\/\/findosbuecher.com\/?p=897\">Brandis, Katja: Leipziger Buchmesse 2017<\/a><\/p>\n<p><a href=\"https:\/\/findosbuecher.com\/?p=3173\">Etzold, Veit; Leipziger Buchmesse 2019<\/a><\/p>\n<p><a href=\"https:\/\/findosbuecher.com\/?p=857\">Fitzek, Sebastian; Leipziger Buchmesse 2017<\/a><\/p>\n<p><a href=\"https:\/\/findosbuecher.com\/?p=3787\">Harris, Robert; Buchpr\u00e4sentation, Bertelsmann-Repr\u00e4sentanz Berlin, Bericht, 2019<\/a><\/p>\n<p><a href=\"https:\/\/findosbuecher.com\/?p=3149\">John, Constanze: Leipziger Buchmesse, 2019, Bericht<\/a><\/p>\n<p><a href=\"https:\/\/findosbuecher.com\/?p=1975\">Knopp, Guido; Leipziger Buchmesse 2018<\/a><\/p>\n<p><a href=\"https:\/\/findosbuecher.com\/?p=1967\">Michaelis, Divina; Leipziger Buchmesse 2018<\/a><\/p>\n<p><a href=\"https:\/\/findosbuecher.com\/?p=5563\" data-type=\"post\" data-id=\"5563\">Orth, Stephan; 2019<\/a><\/p>\n<p><a href=\"https:\/\/findosbuecher.com\/?p=2001\">Seyboldt, Franziska; Leipziger Buchmesse 2018, Bericht<\/a><\/p>\n<p><a href=\"https:\/\/findosbuecher.com\/?p=2734\">Tageszeitung taz &#8211; ein Blick hinter die Kulissen (2018)<\/a><\/p>\n<p><a href=\"https:\/\/findosbuecher.com\/?p=3193\">Tsokos, Michael; Leipziger Buchmesse 2019<\/a><\/p>\n<p><a href=\"https:\/\/findosbuecher.com\/?p=8023\" data-type=\"post\" data-id=\"8023\">Wittstock, Uwe; Leipziger Buchmesse 2024<\/a><\/p>\n<p>\n<div class=\"spdiv\">[Einklappen]<\/div>\n<\/div>\n<\/div>\n\n\n\n\n<p><a href=\"https:\/\/findosbuecher.com\/?p=1716\">VDSIS &#8211; Film und Gesangsprojekt<\/a>, sowie der <a href=\"https:\/\/findosbuecher.com\/?p=1856\">VDSIS-Film &#8222;Still und Stumm&#8220;<\/a><\/p>\n\n\n\n<p><strong>Kurzblicke<\/strong><\/p>\n\n\n\n<p><a href=\"https:\/\/findosbuecher.com\/?p=3953\">Die Kinder der toten Stadt &#8211; Musikdrama gegen das Vergessen<\/a><\/p>\n\n\n\n\n<div class=\"sp-wrap sp-wrap-default\">\n<div class=\"sp-head\" title=\"Erweitern\">\nKurzblicke anschauen\n<\/div>\n<div class=\"sp-body folded\">\n<p><\/p>\n<p>Kurzblick: <a href=\"https:\/\/findosbuecher.com\/?p=8750\" data-type=\"post\" data-id=\"8750\">Dem Wort auf&#8217;s Maul schauen &#8211; Die Wortschau<\/a><\/p>\n<p>Kurzblick: <a href=\"https:\/\/findosbuecher.com\/?p=6783\" data-type=\"post\" data-id=\"6783\">Empfehlungen f\u00fcr Superlesende &#8211; Eine neue Wissensreihe f\u00fcr Lesebeginnende<\/a><\/p>\n<p>Kurzblick: <a href=\"https:\/\/findosbuecher.com\/?p=5872\" data-type=\"post\" data-id=\"5872\">Fall eines Kritikers<\/a><\/p>\n<p>Kurzblick: <a href=\"https:\/\/findosbuecher.com\/?p=6752\" data-type=\"post\" data-id=\"6752\">Gro\u00dfe Kunstgeschichten f\u00fcr kleine K\u00fcnstler*Innen<\/a><\/p>\n<p>Kurzblick: <a href=\"https:\/\/findosbuecher.com\/?p=6606\" data-type=\"post\" data-id=\"6606\">&#8222;Harry Potter und das verwunschene Kind&#8220; in Hamburg<\/a><\/p>\n<p>Kurzblick: <a href=\"https:\/\/findosbuecher.com\/?p=8409\" data-type=\"post\" data-id=\"8409\">Schau hinter die Kulissen &#8211; Die Kindersachbuchreihe von Mirabilis<\/a><\/p>\n<p>Kurzblick: <a href=\"https:\/\/findosbuecher.com\/?p=4963\">Mein Problem mit Kurzgeschichten<\/a><\/p>\n<p>Kurzblick: <a href=\"https:\/\/findosbuecher.com\/?p=6387\" data-type=\"post\" data-id=\"6387\">Poetisiert Euch.<\/a><\/p>\n<p>Kurzblick: <a href=\"https:\/\/findosbuecher.com\/?p=6143\" data-type=\"post\" data-id=\"6143\">Thriller goes Graphic Novel &#8211; Frank Schmolke und Sebastian Fitzeks &#8222;Der Augensammler&#8220;<\/a><\/p>\n<p>Kurzblick: <a href=\"https:\/\/findosbuecher.com\/?p=8270\" data-type=\"post\" data-id=\"8270\">Wenn der Zustand kein Problem mehr ist<\/a><\/p>\n<p>Kurzblick: <a href=\"https:\/\/findosbuecher.com\/?p=8427\" data-type=\"post\" data-id=\"8427\">60 Jahre Wagenbach<\/a><\/p>\n<p>\n<div class=\"spdiv\">[Einklappen]<\/div>\n<\/div>\n<\/div>\n\n\n\n\n<p><strong>Filmblicke<\/strong><\/p>\n\n\n\n\n<div class=\"sp-wrap sp-wrap-default\">\n<div class=\"sp-head\" title=\"Erweitern\">\nFilmrezensionen anschauen:\n<\/div>\n<div class=\"sp-body folded\">\n<p>Filmblick: <a href=\"https:\/\/findosbuecher.com\/?p=7002\" data-type=\"post\" data-id=\"7002\">Maurice, der Kater<\/a> (Vorank\u00fcndigung)<\/p>\n<p>Filmblick: <a href=\"https:\/\/findosbuecher.com\/?p=6900\" data-type=\"post\" data-id=\"6900\">Was man von hier aus sehen kann <\/a>(Vorank\u00fcndigung)<\/p>\n<p>Filmblick: <a href=\"https:\/\/findosbuecher.com\/?p=7661\" data-type=\"post\" data-id=\"7661\">Wochenendrebellen<\/a><\/p>\n<p>\n<div class=\"spdiv\">[Einklappen]<\/div>\n<\/div>\n<\/div>\n\n\n\n\n<div class=\"wp-block-uagb-info-box uagb-block-4fedb741 uagb-infobox__content-wrap  uagb-infobox-icon-above-title uagb-infobox-image-valign-top\"><div class=\"uagb-ifb-content\"><div class=\"uagb-ifb-title-wrap\"><h3 class=\"uagb-ifb-title\">Der virtuelle Spendenhut<\/h3><\/div><p class=\"uagb-ifb-desc\">Dir hat der Beitrag gefallen? Dann freue ich mich \u00fcber eine virtuelle <a href=\"https:\/\/www.paypal.com\/paypalme\/findosbuechercom\/\" target=\"_blank\" rel=\"noreferrer noopener\">Spende<\/a>. Vielen lieben Dank.<\/p><\/div><\/div>\n","protected":false},"excerpt":{"rendered":"<p>Autoren-Interviews und Berichte Ein Blick auf die schreibende Zunft. VDSIS &#8211; Film und Gesangsprojekt, sowie der VDSIS-Film &#8222;Still und Stumm&#8220; Kurzblicke Die Kinder der toten Stadt &#8211; Musikdrama gegen das Vergessen Filmblicke<\/p>\n","protected":false},"author":1,"featured_media":0,"parent":0,"menu_order":0,"comment_status":"open","ping_status":"closed","template":"","meta":{"_uag_custom_page_level_css":"","site-sidebar-layout":"default","site-content-layout":"default","ast-site-content-layout":"default","site-content-style":"default","site-sidebar-style":"default","ast-global-header-display":"","ast-banner-title-visibility":"","ast-main-header-display":"","ast-hfb-above-header-display":"","ast-hfb-below-header-display":"","ast-hfb-mobile-header-display":"","site-post-title":"","ast-breadcrumbs-content":"","ast-featured-img":"","footer-sml-layout":"","ast-disable-related-posts":"","theme-transparent-header-meta":"default","adv-header-id-meta":"","stick-header-meta":"","header-above-stick-meta":"","header-main-stick-meta":"","header-below-stick-meta":"","astra-migrate-meta-layouts":"set","ast-page-background-enabled":"default","ast-page-background-meta":{"desktop":{"background-color":"","background-image":"","background-repeat":"repeat","background-position":"center center","background-size":"auto","background-attachment":"scroll","background-type":"","background-media":"","overlay-type":"","overlay-color":"","overlay-opacity":"","overlay-gradient":""},"tablet":{"background-color":"","background-image":"","background-repeat":"repeat","background-position":"center center","background-size":"auto","background-attachment":"scroll","background-type":"","background-media":"","overlay-type":"","overlay-color":"","overlay-opacity":"","overlay-gradient":""},"mobile":{"background-color":"","background-image":"","background-repeat":"repeat","background-position":"center center","background-size":"auto","background-attachment":"scroll","background-type":"","background-media":"","overlay-type":"","overlay-color":"","overlay-opacity":"","overlay-gradient":""}},"ast-content-background-meta":{"desktop":{"background-color":"var(--ast-global-color-5)","background-image":"","background-repeat":"repeat","background-position":"center center","background-size":"auto","background-attachment":"scroll","background-type":"","background-media":"","overlay-type":"","overlay-color":"","overlay-opacity":"","overlay-gradient":""},"tablet":{"background-color":"var(--ast-global-color-5)","background-image":"","background-repeat":"repeat","background-position":"center center","background-size":"auto","background-attachment":"scroll","background-type":"","background-media":"","overlay-type":"","overlay-color":"","overlay-opacity":"","overlay-gradient":""},"mobile":{"background-color":"var(--ast-global-color-5)","background-image":"","background-repeat":"repeat","background-position":"center center","background-size":"auto","background-attachment":"scroll","background-type":"","background-media":"","overlay-type":"","overlay-color":"","overlay-opacity":"","overlay-gradient":""}},"footnotes":""},"categories":[],"tags":[],"class_list":["post-618","page","type-page","status-publish","hentry"],"uagb_featured_image_src":{"full":false,"thumbnail":false,"medium":false,"medium_large":false,"large":false,"wps_thumbnail_size":false,"1536x1536":false,"2048x2048":false,"buchcover":false},"uagb_author_info":{"display_name":"findo","author_link":"https:\/\/findosbuecher.com\/?author=1"},"uagb_comment_info":0,"uagb_excerpt":"Autoren-Interviews und Berichte Ein Blick auf die schreibende Zunft. VDSIS &#8211; Film und Gesangsprojekt, sowie der VDSIS-Film &#8222;Still und Stumm&#8220; Kurzblicke Die Kinder der toten Stadt &#8211; Musikdrama gegen das Vergessen Filmblicke","_links":{"self":[{"href":"https:\/\/findosbuecher.com\/index.php?rest_route=\/wp\/v2\/pages\/618","targetHints":{"allow":["GET"]}}],"collection":[{"href":"https:\/\/findosbuecher.com\/index.php?rest_route=\/wp\/v2\/pages"}],"about":[{"href":"https:\/\/findosbuecher.com\/index.php?rest_route=\/wp\/v2\/types\/page"}],"author":[{"embeddable":true,"href":"https:\/\/findosbuecher.com\/index.php?rest_route=\/wp\/v2\/users\/1"}],"replies":[{"embeddable":true,"href":"https:\/\/findosbuecher.com\/index.php?rest_route=%2Fwp%2Fv2%2Fcomments&post=618"}],"version-history":[{"count":82,"href":"https:\/\/findosbuecher.com\/index.php?rest_route=\/wp\/v2\/pages\/618\/revisions"}],"predecessor-version":[{"id":8757,"href":"https:\/\/findosbuecher.com\/index.php?rest_route=\/wp\/v2\/pages\/618\/revisions\/8757"}],"wp:attachment":[{"href":"https:\/\/findosbuecher.com\/index.php?rest_route=%2Fwp%2Fv2%2Fmedia&parent=618"}],"wp:term":[{"taxonomy":"category","embeddable":true,"href":"https:\/\/findosbuecher.com\/index.php?rest_route=%2Fwp%2Fv2%2Fcategories&post=618"},{"taxonomy":"post_tag","embeddable":true,"href":"https:\/\/findosbuecher.com\/index.php?rest_route=%2Fwp%2Fv2%2Ftags&post=618"}],"curies":[{"name":"wp","href":"https:\/\/api.w.org\/{rel}","templated":true}]}}

<p><strong>Autoren-Interviews und Berichte</strong></p>



<p>Ein Blick auf die schreibende Zunft.</p>




<div class="sp-wrap sp-wrap-default">
<div class="sp-head" title="Erweitern">
Autoreninterviews anschauen
</div>
<div class="sp-body folded">
</p>
<p><a href="https://findosbuecher.com/?p=1990">Akhanli, Dogan; Leipziger Buchmesse 2018</a></p>
<p><a href="https://findosbuecher.com/?p=1959">Berge, Björn: Leipziger Buchmesse 2018</a></p>
<p><a href="https://findosbuecher.com/?p=897">Brandis, Katja: Leipziger Buchmesse 2017</a></p>
<p><a href="https://findosbuecher.com/?p=3173">Etzold, Veit; Leipziger Buchmesse 2019</a></p>
<p><a href="https://findosbuecher.com/?p=857">Fitzek, Sebastian; Leipziger Buchmesse 2017</a></p>
<p><a href="https://findosbuecher.com/?p=3787">Harris, Robert; Buchpräsentation, Bertelsmann-Repräsentanz Berlin, Bericht, 2019</a></p>
<p><a href="https://findosbuecher.com/?p=3149">John, Constanze: Leipziger Buchmesse, 2019, Bericht</a></p>
<p><a href="https://findosbuecher.com/?p=1975">Knopp, Guido; Leipziger Buchmesse 2018</a></p>
<p><a href="https://findosbuecher.com/?p=1967">Michaelis, Divina; Leipziger Buchmesse 2018</a></p>
<p><a href="https://findosbuecher.com/?p=5563" data-type="post" data-id="5563">Orth, Stephan; 2019</a></p>
<p><a href="https://findosbuecher.com/?p=2001">Seyboldt, Franziska; Leipziger Buchmesse 2018, Bericht</a></p>
<p><a href="https://findosbuecher.com/?p=2734">Tageszeitung taz &#8211; ein Blick hinter die Kulissen (2018)</a></p>
<p><a href="https://findosbuecher.com/?p=3193">Tsokos, Michael; Leipziger Buchmesse 2019</a></p>
<p><a href="https://findosbuecher.com/?p=8023" data-type="post" data-id="8023">Wittstock, Uwe; Leipziger Buchmesse 2024</a></p>
<p>
<div class="spdiv">[Einklappen]</div>
</div>
</div>




<p><a href="https://findosbuecher.com/?p=1716">VDSIS &#8211; Film und Gesangsprojekt</a>, sowie der <a href="https://findosbuecher.com/?p=1856">VDSIS-Film &#8222;Still und Stumm&#8220;</a></p>



<p><strong>Kurzblicke</strong></p>



<p><a href="https://findosbuecher.com/?p=3953">Die Kinder der toten Stadt &#8211; Musikdrama gegen das Vergessen</a></p>




<div class="sp-wrap sp-wrap-default">
<div class="sp-head" title="Erweitern">
Kurzblicke anschauen
</div>
<div class="sp-body folded">
<p></p>
<p>Kurzblick: <a href="https://findosbuecher.com/?p=8750" data-type="post" data-id="8750">Dem Wort auf&#8217;s Maul schauen &#8211; Die Wortschau</a></p>
<p>Kurzblick: <a href="https://findosbuecher.com/?p=6783" data-type="post" data-id="6783">Empfehlungen für Superlesende &#8211; Eine neue Wissensreihe für Lesebeginnende</a></p>
<p>Kurzblick: <a href="https://findosbuecher.com/?p=5872" data-type="post" data-id="5872">Fall eines Kritikers</a></p>
<p>Kurzblick: <a href="https://findosbuecher.com/?p=6752" data-type="post" data-id="6752">Große Kunstgeschichten für kleine Künstler*Innen</a></p>
<p>Kurzblick: <a href="https://findosbuecher.com/?p=6606" data-type="post" data-id="6606">&#8222;Harry Potter und das verwunschene Kind&#8220; in Hamburg</a></p>
<p>Kurzblick: <a href="https://findosbuecher.com/?p=8409" data-type="post" data-id="8409">Schau hinter die Kulissen &#8211; Die Kindersachbuchreihe von Mirabilis</a></p>
<p>Kurzblick: <a href="https://findosbuecher.com/?p=4963">Mein Problem mit Kurzgeschichten</a></p>
<p>Kurzblick: <a href="https://findosbuecher.com/?p=6387" data-type="post" data-id="6387">Poetisiert Euch.</a></p>
<p>Kurzblick: <a href="https://findosbuecher.com/?p=6143" data-type="post" data-id="6143">Thriller goes Graphic Novel &#8211; Frank Schmolke und Sebastian Fitzeks &#8222;Der Augensammler&#8220;</a></p>
<p>Kurzblick: <a href="https://findosbuecher.com/?p=8270" data-type="post" data-id="8270">Wenn der Zustand kein Problem mehr ist</a></p>
<p>Kurzblick: <a href="https://findosbuecher.com/?p=8427" data-type="post" data-id="8427">60 Jahre Wagenbach</a></p>
<p>
<div class="spdiv">[Einklappen]</div>
</div>
</div>




<p><strong>Filmblicke</strong></p>




<div class="sp-wrap sp-wrap-default">
<div class="sp-head" title="Erweitern">
Filmrezensionen anschauen:
</div>
<div class="sp-body folded">
<p>Filmblick: <a href="https://findosbuecher.com/?p=7002" data-type="post" data-id="7002">Maurice, der Kater</a> (Vorankündigung)</p>
<p>Filmblick: <a href="https://findosbuecher.com/?p=6900" data-type="post" data-id="6900">Was man von hier aus sehen kann </a>(Vorankündigung)</p>
<p>Filmblick: <a href="https://findosbuecher.com/?p=7661" data-type="post" data-id="7661">Wochenendrebellen</a></p>
<p>
<div class="spdiv">[Einklappen]</div>
</div>
</div>




<div class="wp-block-uagb-info-box uagb-block-4fedb741 uagb-infobox__content-wrap  uagb-infobox-icon-above-title uagb-infobox-image-valign-top"><div class="uagb-ifb-content"><div class="uagb-ifb-title-wrap"><h3 class="uagb-ifb-title">Der virtuelle Spendenhut</h3></div><p class="uagb-ifb-desc">Dir hat der Beitrag gefallen? Dann freue ich mich über eine virtuelle <a href="https://www.paypal.com/paypalme/findosbuechercom/" target="_blank" rel="noreferrer noopener">Spende</a>. Vielen lieben Dank.</p></div></div>
