{"id":1946,"date":"2018-03-26T21:35:45","date_gmt":"2018-03-26T21:35:45","guid":{"rendered":"http:\/\/findosbuecher.com\/?page_id=1946"},"modified":"2026-01-15T20:57:40","modified_gmt":"2026-01-15T20:57:40","slug":"rezensionsexemplare","status":"publish","type":"page","link":"https:\/\/findosbuecher.com\/?page_id=1946","title":{"rendered":"Rezensionsexemplare"},"content":{"rendered":"\n<h2 class=\"wp-block-heading\">Aktueller Hinweis<\/h2>\n\n\n\n<p><mark style=\"background-color:rgba(0, 0, 0, 0)\" class=\"has-inline-color has-vivid-red-color\">Aktuell nehme ich <strong>keine weiteren Rezensionsexemplar<\/strong>e an, bis auf jene, die mir bereits zugesagt wurden oder die ich angefragt hatte. Zurzeit stapeln sich die Werke bei mir, zudem habe ich noch andere B\u00fccher auf meiner Liste, die ich gerne lesen und vorstellen m\u00f6chte. Bereits zugesagte Werke werden nat\u00fcrlich weiterhin rezensiert.<\/mark><\/p>\n\n\n\n<p>&#8212;<\/p>\n\n\n\n<p>Der Autor kennzeichnet im Rezensionsverzeichnis die von Verlagen und Autoren erhaltenen Werke innerhalb des Beitrags.<\/p>\n\n\n\n<p>Eine Verlinkung zu den jeweiligen Verlag erfolgt \u00fcber die ISBN, innerhalb der Rezension. Der Betreiber des Blogs nutzt keine Affliate-Partnerschaft und erh\u00e4lt von den Verlagen i.d.R. keine Provisionen. Anderenfalls wird dies gekennzeichnet.<\/p>\n\n\n\n<p>Sie sind Autor\/in,  Verlag oder literarische Agentur und m\u00f6chten mir ein Rezensionsexemplar zukommen lassen?<\/p>\n\n\n\n<p>Dies k\u00f6nnen Sie gerne an die vorliegende <strong>Adresse<\/strong> tun. Die Besprechung erfolgt zeitnah. In Ausnahmef\u00e4llen kann die Zeitspanne ca. <strong>2 Monate<\/strong> sein. M\u00f6chten Sie vorher anfragen, ob ein Buch besprochen werden kann, k\u00f6nnen Sie dies unter <strong>info@findosbuecher.com<\/strong> tun.<\/p>\n\n\n\n<p>Rezensionsexemplare werden in der Reihenfolge gelesen, wie sie der Blogbetreiber erh\u00e4lt.<\/p>\n\n\n\n<p>Nach der Besprechung erhalten Sie einen Beleglink oder die Rezension in Form einer R\u00fcckmeldung per E-Mail.<\/p>\n\n\n\n<p>Rezensionen werden i.d.R. auch auf <strong>buechertreff.de<\/strong>, den gr\u00f6\u00dften deutschsprachigen Literaturforum im Netz ver\u00f6ffentlicht, dessen Mitglied der Betreiber dieses Blogs ist. <\/p>\n\n\n\n<p>Auf Social Media Kan\u00e4len wie Instagram oder Twitter wird ebenfalls auf die Rezension aufmerksam gemacht.<\/p>\n\n\n\n<p>Ihr Nick Hillmann.<\/p>\n\n\n\n<p><br><\/p>\n\n\n\n<div class=\"wp-block-uagb-info-box uagb-block-4fedb741 uagb-infobox__content-wrap  uagb-infobox-icon-above-title uagb-infobox-image-valign-top\"><div class=\"uagb-ifb-content\"><div class=\"uagb-ifb-title-wrap\"><h3 class=\"uagb-ifb-title\">Der virtuelle Spendenhut<\/h3><\/div><p class=\"uagb-ifb-desc\">Dir hat der Beitrag gefallen? Dann freue ich mich \u00fcber eine virtuelle <a href=\"https:\/\/www.paypal.com\/paypalme\/findosbuechercom\/\" target=\"_blank\" rel=\"noreferrer noopener\">Spende<\/a>. Vielen lieben Dank.<\/p><\/div><\/div>\n","protected":false},"excerpt":{"rendered":"<p>Aktueller Hinweis Aktuell nehme ich keine weiteren Rezensionsexemplare an, bis auf jene, die mir bereits zugesagt wurden oder die ich angefragt hatte. Zurzeit stapeln sich die Werke bei mir, zudem habe ich noch andere B\u00fccher auf meiner Liste, die ich gerne lesen und vorstellen m\u00f6chte. Bereits zugesagte Werke werden nat\u00fcrlich weiterhin rezensiert. &#8212; Der Autor [&hellip;]<\/p>\n","protected":false},"author":1,"featured_media":0,"parent":0,"menu_order":0,"comment_status":"closed","ping_status":"closed","template":"","meta":{"_uag_custom_page_level_css":"","site-sidebar-layout":"default","site-content-layout":"default","ast-site-content-layout":"default","site-content-style":"default","site-sidebar-style":"default","ast-global-header-display":"","ast-banner-title-visibility":"","ast-main-header-display":"","ast-hfb-above-header-display":"","ast-hfb-below-header-display":"","ast-hfb-mobile-header-display":"","site-post-title":"","ast-breadcrumbs-content":"","ast-featured-img":"","footer-sml-layout":"","ast-disable-related-posts":"","theme-transparent-header-meta":"default","adv-header-id-meta":"","stick-header-meta":"","header-above-stick-meta":"","header-main-stick-meta":"","header-below-stick-meta":"","astra-migrate-meta-layouts":"set","ast-page-background-enabled":"default","ast-page-background-meta":{"desktop":{"background-color":"","background-image":"","background-repeat":"repeat","background-position":"center center","background-size":"auto","background-attachment":"scroll","background-type":"","background-media":"","overlay-type":"","overlay-color":"","overlay-opacity":"","overlay-gradient":""},"tablet":{"background-color":"","background-image":"","background-repeat":"repeat","background-position":"center center","background-size":"auto","background-attachment":"scroll","background-type":"","background-media":"","overlay-type":"","overlay-color":"","overlay-opacity":"","overlay-gradient":""},"mobile":{"background-color":"","background-image":"","background-repeat":"repeat","background-position":"center center","background-size":"auto","background-attachment":"scroll","background-type":"","background-media":"","overlay-type":"","overlay-color":"","overlay-opacity":"","overlay-gradient":""}},"ast-content-background-meta":{"desktop":{"background-color":"var(--ast-global-color-5)","background-image":"","background-repeat":"repeat","background-position":"center center","background-size":"auto","background-attachment":"scroll","background-type":"","background-media":"","overlay-type":"","overlay-color":"","overlay-opacity":"","overlay-gradient":""},"tablet":{"background-color":"var(--ast-global-color-5)","background-image":"","background-repeat":"repeat","background-position":"center center","background-size":"auto","background-attachment":"scroll","background-type":"","background-media":"","overlay-type":"","overlay-color":"","overlay-opacity":"","overlay-gradient":""},"mobile":{"background-color":"var(--ast-global-color-5)","background-image":"","background-repeat":"repeat","background-position":"center center","background-size":"auto","background-attachment":"scroll","background-type":"","background-media":"","overlay-type":"","overlay-color":"","overlay-opacity":"","overlay-gradient":""}},"footnotes":""},"categories":[],"tags":[],"class_list":["post-1946","page","type-page","status-publish","hentry"],"uagb_featured_image_src":{"full":false,"thumbnail":false,"medium":false,"medium_large":false,"large":false,"wps_thumbnail_size":false,"1536x1536":false,"2048x2048":false,"buchcover":false},"uagb_author_info":{"display_name":"findo","author_link":"https:\/\/findosbuecher.com\/?author=1"},"uagb_comment_info":0,"uagb_excerpt":"Aktueller Hinweis Aktuell nehme ich keine weiteren Rezensionsexemplare an, bis auf jene, die mir bereits zugesagt wurden oder die ich angefragt hatte. Zurzeit stapeln sich die Werke bei mir, zudem habe ich noch andere B\u00fccher auf meiner Liste, die ich gerne lesen und vorstellen m\u00f6chte. Bereits zugesagte Werke werden nat\u00fcrlich weiterhin rezensiert. &#8212; Der Autor&hellip;","_links":{"self":[{"href":"https:\/\/findosbuecher.com\/index.php?rest_route=\/wp\/v2\/pages\/1946","targetHints":{"allow":["GET"]}}],"collection":[{"href":"https:\/\/findosbuecher.com\/index.php?rest_route=\/wp\/v2\/pages"}],"about":[{"href":"https:\/\/findosbuecher.com\/index.php?rest_route=\/wp\/v2\/types\/page"}],"author":[{"embeddable":true,"href":"https:\/\/findosbuecher.com\/index.php?rest_route=\/wp\/v2\/users\/1"}],"replies":[{"embeddable":true,"href":"https:\/\/findosbuecher.com\/index.php?rest_route=%2Fwp%2Fv2%2Fcomments&post=1946"}],"version-history":[{"count":16,"href":"https:\/\/findosbuecher.com\/index.php?rest_route=\/wp\/v2\/pages\/1946\/revisions"}],"predecessor-version":[{"id":9181,"href":"https:\/\/findosbuecher.com\/index.php?rest_route=\/wp\/v2\/pages\/1946\/revisions\/9181"}],"wp:attachment":[{"href":"https:\/\/findosbuecher.com\/index.php?rest_route=%2Fwp%2Fv2%2Fmedia&parent=1946"}],"wp:term":[{"taxonomy":"category","embeddable":true,"href":"https:\/\/findosbuecher.com\/index.php?rest_route=%2Fwp%2Fv2%2Fcategories&post=1946"},{"taxonomy":"post_tag","embeddable":true,"href":"https:\/\/findosbuecher.com\/index.php?rest_route=%2Fwp%2Fv2%2Ftags&post=1946"}],"curies":[{"name":"wp","href":"https:\/\/api.w.org\/{rel}","templated":true}]}}